 factor of 46 and z?
23
Let t be 2/(4/10 - (-38)/(-120)). Suppose -27*l = -t*l - 12. Suppose 0 = 5*m - 4*s - 326, 354 = l*m + 2*s + 88. What is the highest common divisor of m and 44?
22
Let a be 4/(0 + (-16)/(-104)). Suppose 5*q - g - 1670 = 4*g, -5*q = -3*g - 1678. What is the greatest common factor of q and a?
26
Let c(x) = -60*x**2 + 5*x - 1. Let r be c(1). Let d = 56 + r. Suppose 184 + 0 = 2*z - 2*k, 3*z - 5*k - 268 = d. Calculate the highest common factor of z and 6.
6
Suppose 10321 + 3579 = 15*g - 3950. What is the highest common factor of g and 21?
7
Let z be -2 - 1 - (30 - (-4 + 7)). Let j = 35 + z. Suppose -u + 90 = j*u. Calculate the highest common divisor of 10 and u.
5
Let o = 6490 + -6484. What is the greatest common factor of o and 3486?
6
Let x(l) = 14*l. Let t be x(4). Suppose -14 = -3*c + 22. Let u be ((-112)/(-21))/(8/c). What is the greatest common factor of u and t?
8
Let n(v) be the first derivative of -6*v**3 - 3*v**2 + 2*v + 21. Let g be n(-3). Let c = g + 183. Calculate the greatest common factor of c and 41.
41
Let k(m) = 28*m + 172. Let o be k(-6). Suppose -7*g + 1287 = -o*g. What is the highest common factor of 66 and g?
33
Suppose 99 = 1000*u - 989*u. What is the highest common factor of u and 657?
9
Suppose -925428 = -98*s - 296954. Calculate the highest common divisor of 106 and s.
53
Suppose 1534 = -45*o + 5404. Suppose o + 26 = 7*p. What is the greatest common factor of 56 and p?
8
Let b(w) = -151*w - 3160. Let f be b(-31). Calculate the highest common divisor of 1170 and f.
117
Let h(k) = -5*k**2 + 2*k + 1. Let d be h(0). Suppose -5 + d = -2*b. Suppose 3*j = -2*r + b*j + 17, -15 = -3*j. What is the greatest common factor of 15 and r?
3
Let f(l) = -l**3 - 19*l**2 + 17*l - 413. Let o be f(-24). What is the highest common factor of o and 87?
29
Let i(h) = -14*h - 48. Let j(t) = -40*t - 143. Let w(p) = -8*i(p) + 3*j(p). Let x be w(-18). Calculate the greatest common factor of 33 and x.
33
Let t = -5946 - -5962. Calculate the highest common divisor of 680 and t.
8
Suppose 0 = -106*q + 31889 + 16765. What is the highest common divisor of 1785 and q?
51
Let h = -9 + 57. Let v(y) be the third derivative of -29*y**4/24 + 37*y**3/2 + 124*y**2. Let m be v(3). What is the highest common factor of m and h?
24
Suppose 6*n = 11*n - 20. Suppose 3*d = -n*j - 83, 2*d + 87 = -5*j + 20. Let x = 104 - d. What is the highest common divisor of 50 and x?
25
Let o(m) = -139*m - 2713. Let n be o(-31). What is the highest common factor of 608 and n?
76
Let a = 18 + -4. Let t = -155 + 159. Suppose -118 = -3*d + 5*y + 369, t*d = 3*y + 631. Calculate the greatest common divisor of d and a.
14
Suppose -l - h + 738 = -247, 4*h + 2990 = 3*l. Calculate the greatest common factor of 150 and l.
30
Let o(r) = r**3 - 5*r**2 + 5*r + 5. Let z be o(5). Suppose -158 = -4*j - z. Suppose j*g - 26*g - 144 = 0. What is the highest common divisor of g and 60?
12
Suppose 88 = -4*l - 8. Let b = l + 39. Suppose 4*x - 135 = 3*x. What is the highest common factor of x and b?
15
Let t = 43 + -41. Let n be 114 + (t - (5 - 4)). Let c = n + -80. What is the greatest common divisor of c and 245?
35
Suppose 3*j + 2394 = -3*k - 2*j, -2*j + 798 = -k. Let t be (-3 + 5)/(5 - k/(-162)). Calculate the highest common divisor of t and 99.
9
Let m(f) = 23*f**2 - 9*f - 340. Let a be m(-42). What is the highest common divisor of 310 and a?
310
Let a = -4361 - -4803. What is the highest common factor of 572 and a?
26
Let n = 34013 - 33925. Let s = -20 - -36. What is the highest common factor of s and n?
8
Suppose 7*m = 3*m - 0*m. Suppose 5*u - 15 = 0, m = -n - 2*n - 4*u + 42. Let k be (-4 + n/4)*(-13 - -1). Calculate the highest common divisor of 2 and k.
2
Let f(l) = -6*l + 100. Let u = -51 + 67. Let q be f(u). Calculate the greatest common factor of q and 4.
4
Suppose 3*c + 3*z = 972, -8*c + 2*z = -13*c + 1632. Calculate the highest common divisor of 32 and c.
8
Let z(s) = 14*s + 779. Let m be z(-52). What is the greatest common factor of m and 21?
3
Suppose -3*i - 5*g + 395 = 6, -2*i - 4*g + 256 = 0. Let z(b) = 2 + 45*b - 27*b - 33*b. Let a be z(-6). What is the greatest common factor of a and i?
46
Suppose 2*b - 1283 + 375 = 468. Calculate the highest common factor of b and 240.
16
Let s(g) = g + 1. Let m(k) = -8*k - 23. Let d(u) = -m(u) - 4*s(u). Let q be d(4). Calculate the highest common factor of 21 and q.
7
Let t be 44/7 + (-62)/217. Suppose t*x - 719 = 871. Calculate the highest common factor of x and 159.
53
Let k = -2269 - -2281. What is the highest common factor of 1560 and k?
12
Let v = -179 - -186. Suppose -v*t - 248 = -8*t. Calculate the highest common divisor of t and 8.
8
Suppose -8 + 32 = -6*c. Let a be (0 - -2)*c*27/(-6). What is the greatest common divisor of a and 48?
12
Let f(q) = 144*q**2 + 116*q + 490. Let m be f(-5). Calculate the highest common factor of 1350 and m.
270
Let x be (-80)/(-56) - 176/(-14). Suppose -158 = -2*j + 94. What is the highest common factor of x and j?
14
Let g = -20 - -28. Let c be (111/(-27))/((-6)/12) + 4/(-18). Calculate the greatest common factor of c and g.
8
Suppose 0 = -5*b - 215 + 965. Let j = b + -86. What is the highest common factor of 32 and j?
32
Suppose 0 = -3*o + 4*h + 287, 14*h - 11*h = -4*o + 366. What is the greatest common factor of 7 and o?
1
Let c(p) = -7*p + 1. Let z be c(0). Suppose z = o, 17 = 3*a + 4*o - 260. What is the highest common factor of a and 117?
13
Suppose 103*f - 105*f + 13729 = 5*q, 0 = 3*q - 3*f - 8229. What is the greatest common factor of q and 5?
5
Let u = 10882 - 10423. Calculate the highest common factor of u and 72.
9
Suppose -5*h + 2*o + 185 = 0, 0*o - 185 = -5*h - 2*o. Suppose -110*f + 7326 = -11*f. What is the greatest common factor of h and f?
37
Let w = 245 - 240. Suppose -w*g + 265 = 145. Calculate the greatest common divisor of g and 36.
12
Suppose -3 = -0*r + r. Let w be (-3 - r/3) + 1. Let z be 1 - (-61 + w + 1). What is the greatest common divisor of 93 and z?
31
Let n be -6 + -6 + 19 + 1878/6. Let t(s) = 21*s**2 + 3*s + 2. Let h be t(-1). What is the highest common factor of h and n?
20
Suppose -5*b + 424 = 5*v + 99, -5*v + b = -367. Calculate the greatest common divisor of v and 4500.
36
Let a be (-2)/(-6) - (28/12 + -2). Let c be (1 - -43)*(2 + a). Suppose 5*z - 75 = 4*l, 3*z - 10 = -4*l + 3. Calculate the greatest common divisor of z and c.
11
Suppose -16*f + 18*f = 0. Suppose 364 = -f*b + 13*b. Calculate the highest common divisor of b and 21.
7
Suppose 131 = 5*k - 194. Let z(u) = u**3 - 4*u**2 - 27*u - 659. Let x be z(12). Calculate the highest common factor of k and x.
13
Suppose 2*c + c = 0. Suppose c = -5*r + 3*r - 20. Let n = -3 - r. What is the highest common divisor of 1 and n?
1
Suppose -3834 = 12*x - 3990. Calculate the greatest common factor of x and 13.
13
Suppose 25*t - 7072 = -t. Let d = -243 + t. Calculate the highest common divisor of d and 29.
29
Suppose 4*p + 5*g - 515 = 0, -262 = 4*p + 4*g - 778. Calculate the greatest common divisor of p and 2210.
130
Let d(y) = -410*y - 3564. Let o be d(-9). Let j = 2 + 2. Suppose 3*c - j*p - 48 = -p, 5*p - 32 = -3*c. Calculate the highest common divisor of o and c.
14
Suppose -57555 = -157*w + 278861 + 47920. What is the greatest common factor of 1088 and w?
272
Suppose -4*n + 94 = -30. Let k = 35 + -34. Let c(q) = 30*q**2 + 5*q - 4. Let m be c(k). Calculate the highest common divisor of n and m.
31
Suppose -5*r - 27 = 5*o - 67, 3*r + 2*o - 20 = 0. Suppose 4*y - 115 = -5*g, 5 = -5*g + r*g. Let x = -32 + y. What is the greatest common divisor of x and 3?
3
Let g(o) = -o**2 + 47*o + 1756. Let w be g(-24). What is the highest common factor of w and 244?
4
Let x(m) = -8*m**3 - 49*m**2 + 47*m + 431. Let h be x(-8). Calculate the greatest common factor of 560 and h.
35
Suppose 0*g + 10 = -5*g, 5*g = 2*l - 1900. Let q = l + -929. Suppose 2*r - v + 0*v = 451, -2*v + 218 = r. What is the highest common divisor of r and q?
16
Let w(f) = -4*f**3 - 37*f**2 + 16*f + 22. Let k be w(-10). What is the greatest common factor of 126 and k?
18
Let b(g) = 4*g + 20. Let t be b(-2). Suppose 2*j = -2*s + 502, -10*j - 487 = -t*j + s. What is the highest common factor of 6 and j?
6
Let v = -3116 - -3270. What is the highest common facto